igit of 6576086?
7
What is the ten thousands digit of 609721?
0
What is the millions digit of 2256429?
2
What is the millions digit of 2080075?
2
What is the thousands digit of 208773?
8
What is the ten thousands digit of 255352?
5
What is the millions digit of 7020387?
7
What is the ten thousands digit of 9773946?
7
What is the tens digit of 1220265?
6
What is the tens digit of 37839805?
0
What is the hundreds digit of 726728?
7
What is the thousands digit of 11753864?
3
What is the tens digit of 538675?
7
What is the tens digit of 3551295?
9
What is the hundreds digit of 1361406?
4
What is the hundreds digit of 309333?
3
What is the thousands digit of 973180?
3
What is the hundreds digit of 510620?
6
What is the thousands digit of 1106390?
6
What is the thousands digit of 342863?
2
What is the ten thousands digit of 241257?
4
What is the tens digit of 3913203?
0
What is the hundreds digit of 335051?
0
What is the thousands digit of 10950361?
0
What is the ten thousands digit of 191685?
9
What is the thousands digit of 72431?
2
What is the ten thousands digit of 47517?
4
What is the hundreds digit of 685507?
5
What is the ten thousands digit of 3265548?
6
What is the ten thousands digit of 1330702?
3
What is the units digit of 15841887?
7
What is the ten thousands digit of 1958083?
5
What is the units digit of 3247880?
0
What is the units digit of 884264?
4
What is the hundreds digit of 16667935?
9
What is the hundreds digit of 627500?
5
What is the millions digit of 16264293?
6
What is the thousands digit of 215802?
5
What is the units digit of 119894?
4
What is the units digit of 340133?
3
What is the thousands digit of 902602?
2
What is the ten thousands digit of 16848096?
4
What is the tens digit of 4064853?
5
What is the units digit of 238660?
0
What is the tens digit of 2848376?
7
What is the thousands digit of 32468671?
8
What is the tens digit of 6159182?
8
What is the millions digit of 21601046?
1
What is the ten thousands digit of 15120417?
2
What is the ten thousands digit of 1181804?
8
What is the ten thousands digit of 17135249?
3
What is the tens digit of 4442484?
8
What is the millions digit of 9790517?
9
What is the tens digit of 493609?
0
What is the thousands digit of 12018054?
8
What is the thousands digit of 603758?
3
What is the hundred thousands digit of 167446?
1
What is the ten thousands digit of 16641245?
4
What is the hundred thousands digit of 530697?
5
What is the units digit of 6318016?
6
What is the hundred thousands digit of 2384047?
3
What is the hundreds digit of 148839?
8
What is the hundred thousands digit of 459337?
4
What is the thousands digit of 7391988?
1
What is the hundreds digit of 506462?
4
What is the hundreds digit of 506027?
0
What is the units digit of 755221?
1
What is the units digit of 182393?
3
What is the thousands digit of 107428?
7
What is the thousands digit of 540251?
0
What is the hundred thousands digit of 126646?
1
What is the units digit of 176862?
2
What is the hundred thousands digit of 932876?
9
What is the thousands digit of 340214?
0
What is the thousands digit of 10564?
0
What is the hundred thousands digit of 432414?
4
What is the ten thousands digit of 3838671?
3
What is the hundreds digit of 541724?
7
What is the hundreds digit of 4277734?
7
What is the tens digit of 10414734?
3
What is the tens digit of 3516663?
6
What is the units digit of 281921?
1
What is the units digit of 3916805?
5
What is the hundred thousands digit of 574540?
5
What is the units digit of 50973?
3
What is the units digit of 2616711?
1
What is the ten thousands digit of 764053?
6
What is the hundred thousands digit of 173390?
1
What is the ten thousands digit of 79308?
7
What is the tens digit of 500870?
7
What is the ten thousands digit of 334568?
3
What is the hundreds digit of 2157526?
5
What is the tens digit of 143853?
5
What is the ten thousands digit of 57466?
5
What is the ten thousands digit of 18776?
1
What is the hundreds digit of 955781?
7
What is the thousands digit of 285476?
5
What is the millions digit of 2797885?
2
What is the tens digit of 200505?
0
What is the tens digit of 490507?
0
What is the thousands digit of 6725?
6
What is the millions digit of 4075356?
4
What is the units digit of 670576?
6
What is the millions digit of 21420550?
1
What is the hundred thousands digit of 1678338?
6
What is the units digit of 52582?
2
What is the tens digit of 529745?
4
What is the units digit of 324330?
0
What is the ten thousands digit of 84107?
8
What is the hundred thousands digit of 596480?
5
What is the hundreds digit of 239017?
0
What is the units digit of 178832?
2
What is the thousands digit of 757418?
7
What is the thousands digit of 1723525?
3
What is the thousands digit of 694606?
4
What is the tens digit of 327164?
6
What is the ten millions digit of 22725345?
2
What is the hundreds digit of 285524?
5
What is the tens digit of 679652?
5
What is the hundred thousands digit of 550460?
5
What is the hundred thousands digit of 2519079?
5
What is the tens digit of 5454059?
5
What is the tens digit of 53573?
7
What is the thousands digit of 658055?
8
What is the hundreds digit of 25908?
9
What is the units digit of 320293?
3
What is the hundred thousands digit of 566336?
5
What is the millions digit of 1632673?
1
What is the thousands digit of 361562?
1
What is the tens digit of 2849060?
6
What is the tens digit of 63223?
2
What is the thousands digit of 15879973?
9
What is the ten thousands digit of 1096986?
9
What is the ten thousands digit of 1068196?
6
What is the hundreds digit of 4202934?
9
What is the units digit of 578930?
0
What is the ten thousands digit of 7372268?
7
What is the hundreds digit of 5530198?
1
What is the thousands digit of 196384?
6
What is the tens digit of 713805?
0
What is the units digit of 1253938?
8
What is the hundreds digit of 3886627?
6
What is the units digit of 57224?
4
What is the thousands digit of 1205866?
5
What is the tens digit of 1329047?
4
What is the units digit of 636322?
2
What is the hundreds digit of 1743596?
5
What is the tens digit of 1999115?
1
What is the ten thousands digit of 12867729?
6
What is the millions digit of 3957842?
3
What is the thousands digit of 314711?
4
What is the hundreds digit of 476553?
5
What is the tens digit of 90012?
1
What is the hundred thousands digit of 21464812?
4
What is the tens digit of 427146?
4
What is the thousands digit of 11283?
1
What is the units digit of 14519694?
4
What is the hundred thousands digit of 935708?
9
What is the units digit of 4740708?
8
What is the tens digit of 1031099?
9
What is the units digit of 469838?
8
What is the thousands digit of 7115479?
5
What is the hundred thousands digit of 11345473?
3
What is the hundred thousands digit of 3965227?
9
What is the millions digit of 4315258?
4
What is the hundred thousands digit of 782196?
7
What is the thousands digit of 121350?
1
What is the thousands digit of 45328?
5
What is the hundreds digit of 4173235?
2
What is the hundreds digit of 7068?
0
What is the ten thousands digit of 539976?
3
What is the hundreds digit of 9516087?
0
What is the tens digit of 110227?
2
What is the thousands digit of 1570284?
0
What is the ten thousands digit of 32039707?
3
What is the ten thousands digit of 5279880?
7
What is the ten thousands digit of 368341?
6
What is the thousands digit of 1458531?
8
What is the hundreds digit of 310566?
5
What is the millions digit of 3069352?
3
What is the hundred thousands digit of 304669?
3
What is the tens digit of 11152253?
5
What is the units digit of 26117784?
4
What is the hundreds digit of 425556?
5
What is the hundred thousands digit of 1518705?
5
What is the ten thousands digit of 631469?
3
What is the tens digit of 1532238?
3
What is the tens digit of 1043270?
7
What is the tens digit of 3952751?
5
What is the ten thousands digit of 84206?
8
What is the units digit of 14407965?
5
What is the hundred thousands digit of 12116948?
1
What is the thousands digit of 439096?
9
What is the millions digit of 2148991?
2
What is the thousands digit of 255810?
5
What is the tens digit of 1106697?
9
What is the hundreds digit of 20284882?
8
What is the millions digit of 8516678?
8
What is the hundreds digit 